{"id":115,"date":"2013-02-03T01:50:02","date_gmt":"2013-02-02T23:50:02","guid":{"rendered":"http:\/\/www.sorbilene.com\/blog\/blog\/?page_id=115"},"modified":"2026-03-05T10:35:24","modified_gmt":"2026-03-05T07:35:24","slug":"hakkimizda","status":"publish","type":"page","link":"https:\/\/www.sorbilene.com\/blog\/hakkimizda\/","title":{"rendered":"Hakk\u0131m\u0131zda"},"content":{"rendered":"<div class=\"entry\">\n\n\n<figure class=\"wp-block-image size-large\"><a href=\"https:\/\/www.sorbilene.com\/blog\/wp-content\/uploads\/2026\/03\/sorbilenecom.png\"><img loading=\"lazy\" decoding=\"async\" width=\"1024\" height=\"683\" src=\"https:\/\/www.sorbilene.com\/blog\/wp-content\/uploads\/2026\/03\/sorbilenecom-1024x683.png\" alt=\"\" class=\"wp-image-3492\" srcset=\"https:\/\/www.sorbilene.com\/blog\/wp-content\/uploads\/2026\/03\/sorbilenecom-1024x683.png 1024w, https:\/\/www.sorbilene.com\/blog\/wp-content\/uploads\/2026\/03\/sorbilenecom-300x200.png 300w, https:\/\/www.sorbilene.com\/blog\/wp-content\/uploads\/2026\/03\/sorbilenecom-768x512.png 768w, https:\/\/www.sorbilene.com\/blog\/wp-content\/uploads\/2026\/03\/sorbilenecom.png 1536w\" sizes=\"auto, (max-width: 1024px) 100vw, 1024px\" \/><\/a><\/figure>\n\n\n<p data-start=\"354\" data-end=\"573\"><strong data-start=\"354\" data-end=\"371\">SorBilene.com<\/strong>, teknik konularda bilgi payla\u015f\u0131m\u0131 yapmak ve insanlar\u0131n kar\u015f\u0131la\u015ft\u0131klar\u0131 sorunlara \u00e7\u00f6z\u00fcm bulmalar\u0131na yard\u0131mc\u0131 olmak amac\u0131yla kurulmu\u015f bir platformdur. Sitemiz hi\u00e7bir kar amac\u0131 g\u00fctmeden yay\u0131n yapmaktad\u0131r.<\/p>\n<p data-start=\"575\" data-end=\"788\">\u00d6ncelikle, teknoloji ve bili\u015fim alan\u0131nda kar\u015f\u0131la\u015f\u0131lan sorunlara pratik \u00e7\u00f6z\u00fcmler sunmay\u0131 hedefliyoruz. Bunun yan\u0131 s\u0131ra kullan\u0131c\u0131lar\u0131n kendi deneyimlerini payla\u015fabilece\u011fi bir topluluk ortam\u0131 olu\u015fturmay\u0131 ama\u00e7l\u0131yoruz.<\/p>\n<hr data-start=\"659\" data-end=\"662\" \/>\n<h2 data-start=\"664\" data-end=\"692\">SorBilene.com\u2019un Hikayesi<\/h2>\n<p data-start=\"825\" data-end=\"1013\">SorBilene platformunun temelleri <strong data-start=\"858\" data-end=\"890\">2006 y\u0131l\u0131nda PatronForum.com<\/strong> ad\u0131yla at\u0131lm\u0131\u015ft\u0131r. O d\u00f6nemde kullan\u0131c\u0131lar\u0131n teknik sorunlar\u0131n\u0131 payla\u015fabildi\u011fi bir forum olarak yay\u0131n hayat\u0131na ba\u015flam\u0131\u015ft\u0131r.<\/p>\n<p data-start=\"1015\" data-end=\"1177\">Daha sonra, platform b\u00fcy\u00fcd\u00fck\u00e7e daha geni\u015f bir kitleye ula\u015fma ihtiyac\u0131 do\u011fmu\u015ftur. Bu nedenle <strong data-start=\"1107\" data-end=\"1137\">2013 y\u0131l\u0131nda SorBilene.com<\/strong> ad\u0131yla yay\u0131n hayat\u0131na devam edilmi\u015ftir.<\/p>\n<p data-start=\"1179\" data-end=\"1407\">Ayn\u0131 y\u0131l i\u00e7erisinde bilgi payla\u015f\u0131m\u0131n\u0131 daha fazla ki\u015fiye ula\u015ft\u0131rmak amac\u0131yla <strong data-start=\"1255\" data-end=\"1308\">\u201cSor Bilene Bilen Cevaplas\u0131n\u201d adl\u0131 YouTube kanal\u0131<\/strong> kurulmu\u015ftur. Bu kanalda y\u00fczlerce teknik video payla\u015f\u0131lm\u0131\u015f ve videolar milyonlarca kez izlenmi\u015ftir.<\/p>\n<hr data-start=\"1389\" data-end=\"1392\" \/>\n<h2 data-start=\"1394\" data-end=\"1419\">Amac\u0131m\u0131z ve Misyonumuz<\/h2>\n<p data-start=\"1421\" data-end=\"1548\">SorBilene.com\u2019un temel amac\u0131, insanlar\u0131n g\u00fcnl\u00fck hayatta kar\u015f\u0131la\u015ft\u0131klar\u0131 teknik sorunlara h\u0131zl\u0131 ve anla\u015f\u0131l\u0131r \u00e7\u00f6z\u00fcmler sunmakt\u0131r.<\/p>\n<p data-start=\"1550\" data-end=\"1758\">Bilgisayar, donan\u0131m, yaz\u0131l\u0131m ve bili\u015fim teknolojileri alanlar\u0131nda edindi\u011fimiz bilgi ve deneyimleri hem yaz\u0131l\u0131 i\u00e7erikler hem de video anlat\u0131mlar arac\u0131l\u0131\u011f\u0131yla payla\u015farak daha fazla ki\u015fiye ula\u015fmay\u0131 hedefliyoruz.<\/p>\n<p data-start=\"1760\" data-end=\"2023\">Teknik bir ar\u0131za veya sorunla kar\u015f\u0131la\u015ft\u0131\u011f\u0131m\u0131zda, \u00e7\u00f6z\u00fcm s\u00fcrecini kay\u0131t alt\u0131na alarak <strong data-start=\"1844\" data-end=\"1885\">YouTube videolar\u0131 ve forum i\u00e7erikleri<\/strong> ile payla\u015fmay\u0131 tercih ediyoruz. B\u00f6ylece ayn\u0131 problemle kar\u015f\u0131la\u015fabilecek di\u011fer kullan\u0131c\u0131lar\u0131n da bu \u00e7\u00f6z\u00fcmlerden faydalanmas\u0131n\u0131 sa\u011fl\u0131yoruz.<\/p>\n<hr data-start=\"2025\" data-end=\"2028\" \/>\n<h2 data-start=\"2030\" data-end=\"2054\">\u00dcretti\u011fimiz \u0130\u00e7erikler<\/h2>\n<p data-start=\"2056\" data-end=\"2178\">SorBilene platformunda payla\u015f\u0131lan i\u00e7erikler tamamen <strong data-start=\"2108\" data-end=\"2163\">kendi deneyimlerimize ve uygulamal\u0131 \u00e7al\u0131\u015fmalar\u0131m\u0131za<\/strong> dayanmaktad\u0131r.<\/p>\n<p data-start=\"2180\" data-end=\"2223\">Platformumuzda yer alan i\u00e7erikler aras\u0131nda:<\/p>\n<ul data-start=\"2225\" data-end=\"2474\">\n<li data-start=\"2225\" data-end=\"2267\">\n<p data-start=\"2227\" data-end=\"2267\">Bilgisayar tamiri ve donan\u0131m \u00e7\u00f6z\u00fcmleri<\/p>\n<\/li>\n<li data-start=\"2268\" data-end=\"2311\">\n<p data-start=\"2270\" data-end=\"2311\">Laptop ve masa\u00fcst\u00fc bilgisayar ar\u0131zalar\u0131<\/p>\n<\/li>\n<li data-start=\"2312\" data-end=\"2352\">\n<p data-start=\"2314\" data-end=\"2352\">Yaz\u0131l\u0131m ve i\u015fletim sistemi sorunlar\u0131<\/p>\n<\/li>\n<li data-start=\"2353\" data-end=\"2386\">\n<p data-start=\"2355\" data-end=\"2386\">Teknik cihaz onar\u0131m videolar\u0131<\/p>\n<\/li>\n<li data-start=\"2387\" data-end=\"2428\">\n<p data-start=\"2389\" data-end=\"2428\">Donan\u0131m y\u00fckseltme ve bak\u0131m rehberleri<\/p>\n<\/li>\n<li data-start=\"2429\" data-end=\"2474\">\n<p data-start=\"2431\" data-end=\"2474\">Kullan\u0131c\u0131 deneyimleri ve \u00e7\u00f6z\u00fcm y\u00f6ntemleri<\/p>\n<\/li>\n<\/ul>\n<p data-start=\"2476\" data-end=\"2521\">gibi bir\u00e7ok farkl\u0131 teknik konu bulunmaktad\u0131r.<\/p>\n<p data-start=\"2523\" data-end=\"2716\">Yay\u0131nlad\u0131\u011f\u0131m\u0131z videolar\u0131n ve i\u00e7eriklerin amac\u0131 yaln\u0131zca bilgi payla\u015f\u0131m\u0131d\u0131r. Video yorumlar\u0131nda kullan\u0131c\u0131lar\u0131n bu i\u00e7eriklerden fayda sa\u011flad\u0131\u011f\u0131n\u0131 g\u00f6rmek bizim i\u00e7in en b\u00fcy\u00fck motivasyon kayna\u011f\u0131d\u0131r.<\/p>\n<hr data-start=\"2718\" data-end=\"2721\" \/>\n<h2 data-start=\"2723\" data-end=\"2746\">Topluluk ve Payla\u015f\u0131m<\/h2>\n<p data-start=\"2748\" data-end=\"2879\">SorBilene.com yaln\u0131zca bir bilgi sitesi de\u011fil, ayn\u0131 zamanda teknik konularda yard\u0131mla\u015fmay\u0131 ama\u00e7layan bir <strong data-start=\"2853\" data-end=\"2878\">topluluk platformudur<\/strong>.<\/p>\n<p data-start=\"2881\" data-end=\"3061\">Kullan\u0131c\u0131lar\u0131m\u0131z kar\u015f\u0131la\u015ft\u0131klar\u0131 sorunlar\u0131 forum \u00fczerinde payla\u015fabilir, di\u011fer kullan\u0131c\u0131lar\u0131n deneyimlerinden faydalanabilir ve kendi bilgi birikimlerini toplulukla payla\u015fabilirler.<\/p>\n<hr data-start=\"3063\" data-end=\"3066\" \/>\n<h2 data-start=\"3068\" data-end=\"3090\">Yasal Bilgilendirme<\/h2>\n<p data-start=\"3092\" data-end=\"3180\">SorBilene.com, T\u00fcrkiye Cumhuriyeti yasalar\u0131na uygun \u015fekilde yay\u0131n yapan bir platformdur.<\/p>\n<p data-start=\"3182\" data-end=\"3325\"><strong data-start=\"3182\" data-end=\"3209\">5651 say\u0131l\u0131 yasa gere\u011fi<\/strong>, forumumuzda yer alan mesajlardan do\u011fabilecek her t\u00fcrl\u00fc hukuki sorumluluk i\u00e7erikleri payla\u015fan kullan\u0131c\u0131lara aittir.<\/p>\n<p data-start=\"3327\" data-end=\"3429\">Site y\u00f6netimi, gerekli g\u00f6r\u00fclen durumlarda ilgili i\u00e7erikleri inceleme ve d\u00fczenleme hakk\u0131n\u0131 sakl\u0131 tutar.<\/p>\n<hr data-start=\"3431\" data-end=\"3434\" \/>\n<p data-start=\"192\" data-end=\"320\">SorBilene platformu ile ilgili soru, \u00f6neri, i\u00e7erik bildirimi veya i\u015f birli\u011fi talepleriniz i\u00e7in bizimle ileti\u015fime ge\u00e7ebilirsiniz.<\/p>\n<p data-start=\"322\" data-end=\"376\">&#x1f4e7; <strong data-start=\"325\" data-end=\"337\">E-posta:<\/strong><br data-start=\"337\" data-end=\"340\" \/>sorbilenecomm [at] gmail [dot] com<\/p>\n<p data-start=\"378\" data-end=\"460\">(E-posta g\u00f6nderirken <code data-start=\"399\" data-end=\"405\">[at]<\/code> yerine <strong data-start=\"413\" data-end=\"418\">@<\/strong>, <code data-start=\"420\" data-end=\"427\">[dot]<\/code> yerine <strong data-start=\"435\" data-end=\"440\">.<\/strong> kullanabilirsiniz.)<\/p>\n<hr data-start=\"462\" data-end=\"465\" \/>\n<h2 data-start=\"467\" data-end=\"491\">Resmi Ba\u011flant\u0131lar\u0131m\u0131z<\/h2>\n<p data-start=\"493\" data-end=\"533\"><strong data-start=\"493\" data-end=\"507\">Web Sitesi<\/strong><br data-start=\"507\" data-end=\"510\" \/><a class=\"decorated-link\" href=\"https:\/\/sorbilene.com\" target=\"_new\" rel=\"noopener\" data-start=\"510\" data-end=\"531\">https:\/\/sorbilene.com<\/a><\/p>\n<p data-start=\"535\" data-end=\"585\"><strong data-start=\"535\" data-end=\"548\">Instagram<\/strong><br data-start=\"548\" data-end=\"551\" \/><a class=\"decorated-link\" href=\"https:\/\/instagram.com\/soorbilene\" target=\"_new\" rel=\"noopener\" data-start=\"551\" data-end=\"583\">https:\/\/instagram.com\/soorbilene<\/a><\/p>\n<p data-start=\"587\" data-end=\"641\"><strong data-start=\"587\" data-end=\"602\">Twitter (X)<\/strong><br data-start=\"602\" data-end=\"605\" \/><a class=\"decorated-link\" href=\"https:\/\/twitter.com\/sorbilenebilen\" target=\"_new\" rel=\"noopener\" data-start=\"605\" data-end=\"639\">https:\/\/twitter.com\/sorbilenebilen<\/a><\/p>\n<p data-start=\"643\" data-end=\"690\"><strong data-start=\"643\" data-end=\"655\">Facebook<\/strong><br data-start=\"655\" data-end=\"658\" \/><a class=\"decorated-link\" href=\"https:\/\/facebook.com\/bilenesor\" target=\"_new\" rel=\"noopener\" data-start=\"658\" data-end=\"688\">https:\/\/facebook.com\/bilenesor<\/a><\/p>\n<p data-start=\"692\" data-end=\"772\"><strong data-start=\"692\" data-end=\"714\">WhatsApp Kanal\u0131m\u0131z<\/strong><br data-start=\"714\" data-end=\"717\" \/><a class=\"decorated-link\" href=\"https:\/\/whatsapp.com\/channel\/0029VaBNo3R1dAw0TkMEPK3l\" target=\"_new\" rel=\"noopener\" data-start=\"717\" data-end=\"770\">https:\/\/whatsapp.com\/channel\/0029VaBNo3R1dAw0TkMEPK3l<\/a><\/p>\n<hr data-start=\"774\" data-end=\"777\" \/>\n<h2 data-start=\"779\" data-end=\"815\">Ba\u015fvuru ve Bilgilendirme Konular\u0131<\/h2>\n<p data-start=\"817\" data-end=\"904\">SorBilene platformu ile ilgili a\u015fa\u011f\u0131daki konular i\u00e7in bizimle ileti\u015fime ge\u00e7ebilirsiniz:<\/p>\n<ul data-start=\"906\" data-end=\"1041\">\n<li data-start=\"906\" data-end=\"937\">\n<p data-start=\"908\" data-end=\"937\">\u0130\u00e7erik Bildirimi ve \u015eikayet:<br \/>sorbilenecomm [at] gmail [dot] com<\/p>\n<\/li>\n<li data-start=\"938\" data-end=\"965\">\n<p data-start=\"940\" data-end=\"965\">Yer Sa\u011flay\u0131c\u0131 Bilgileri:<\/p>\n<p data-start=\"189\" data-end=\"341\">SorBilene.com web sitesi, <strong data-start=\"215\" data-end=\"296\">5651 say\u0131l\u0131 \u0130nternet Ortam\u0131nda Yap\u0131lan Yay\u0131nlar\u0131n D\u00fczenlenmesi Hakk\u0131nda Kanun<\/strong> kapsam\u0131nda yer sa\u011flay\u0131c\u0131 hizmeti almaktad\u0131r.<\/p>\n<p data-start=\"343\" data-end=\"461\">Sitemizin alan ad\u0131 (domain) ve hosting hizmetleri <strong data-start=\"393\" data-end=\"434\"><span class=\"hover:entity-accent entity-underline inline cursor-pointer align-baseline\"><span class=\"whitespace-normal\">Natro<\/span><\/span><\/strong> taraf\u0131ndan sa\u011flanmaktad\u0131r.<\/p>\n<\/li>\n<li data-start=\"966\" data-end=\"1000\">\n<p data-start=\"968\" data-end=\"1000\">Reklam ve \u0130\u015f Birli\u011fi Talepleri:<br \/>sorbilenecomm [at] gmail [dot] com<\/p>\n<\/li>\n<li data-start=\"1001\" data-end=\"1041\">\n<p data-start=\"1003\" data-end=\"1041\"><a href=\"https:\/\/www.sorbilene.com\/blog\/gizlilik-politikasi-sayfasi\/\">Gizlilik Politikas\u0131 ile ilgili sorular<\/a><\/p>\n<\/li>\n<\/ul>\n<p data-start=\"1043\" data-end=\"1135\">Bu konularla ilgili detayl\u0131 bilgilere sitemizde yer alan ilgili sayfalardan ula\u015fabilirsiniz.<\/p>\n<hr data-start=\"3790\" data-end=\"3793\" \/>\n<h2 data-start=\"3795\" data-end=\"3806\">Te\u015fekk\u00fcr<\/h2>\n<p data-start=\"3808\" data-end=\"3947\">SorBilene.com, y\u0131llard\u0131r katk\u0131 sa\u011flayan kullan\u0131c\u0131lar\u0131m\u0131z ve takip\u00e7ilerimiz sayesinde b\u00fcy\u00fcyen bir bilgi payla\u015f\u0131m platformu haline gelmi\u015ftir.<\/p>\n<p data-start=\"3949\" data-end=\"4037\">Bilgi payla\u015f\u0131m\u0131na katk\u0131 sa\u011flayan t\u00fcm ziyaret\u00e7ilerimize ve toplulu\u011fumuza te\u015fekk\u00fcr ederiz.<\/p>\n<blockquote data-start=\"1233\" data-end=\"1342\">\n<p data-start=\"1235\" data-end=\"1342\">SorBilene.com, teknoloji ve teknik \u00e7\u00f6z\u00fcmler konusunda bilgi payla\u015f\u0131m\u0131n\u0131 ama\u00e7layan ba\u011f\u0131ms\u0131z bir platformdur.<\/p>\n<\/blockquote>\n<p data-start=\"1235\" data-end=\"1342\">\u00a0<\/p>\n<p data-start=\"1235\" data-end=\"1342\">\u00a0<\/p>\n<p><div class=\"video-responsive\"><iframe loading=\"lazy\" title=\"Asus N53 Serisi DC Jack Soket &amp; Switch Power Board De\u011fi\u015fimi | DC Power Jack Replacement Guide\" width=\"500\" height=\"281\" src=\"https:\/\/www.youtube.com\/embed\/jWlvTaZA_-Y?feature=oembed\" frameborder=\"0\" allow=\"accelerometer; autoplay; clipboard-write; encrypted-media; gyroscope; picture-in-picture; web-share\" referrerpolicy=\"strict-origin-when-cross-origin\" allowfullscreen><\/iframe><\/div><\/p>\n<p data-start=\"1344\" data-end=\"1403\">\u00a0<\/p>\n\n<\/div>","protected":false},"excerpt":{"rendered":"<p>SorBilene.com, teknik konularda bilgi payla\u015f\u0131m\u0131 yapmak ve insanlar\u0131n kar\u015f\u0131la\u015ft\u0131klar\u0131 sorunlara \u00e7\u00f6z\u00fcm bulmalar\u0131na yard\u0131mc\u0131 olmak amac\u0131yla kurulmu\u015f bir platformdur. Sitemiz hi\u00e7bir kar amac\u0131 g\u00fctmeden yay\u0131n yapmaktad\u0131r. \u00d6ncelikle, teknoloji ve bili\u015fim alan\u0131nda kar\u015f\u0131la\u015f\u0131lan sorunlara pratik \u00e7\u00f6z\u00fcmler sunmay\u0131 hedefliyoruz. Bunun yan\u0131 s\u0131ra kullan\u0131c\u0131lar\u0131n kendi deneyimlerini payla\u015fabilece\u011fi bir topluluk ortam\u0131 olu\u015fturmay\u0131 ama\u00e7l\u0131yoruz. SorBilene.com\u2019un Hikayesi SorBilene platformunun temelleri 2006 y\u0131l\u0131nda &#8230;<\/p>\n","protected":false},"author":1,"featured_media":0,"parent":0,"menu_order":1,"comment_status":"open","ping_status":"open","template":"","meta":{"om_disable_all_campaigns":false,"_monsterinsights_skip_tracking":false,"_monsterinsights_sitenote_active":false,"_monsterinsights_sitenote_note":"","_monsterinsights_sitenote_category":0,"footnotes":""},"class_list":["post-115","page","type-page","status-publish"],"aioseo_notices":[],"_links":{"self":[{"href":"https:\/\/www.sorbilene.com\/blog\/wp-json\/wp\/v2\/pages\/115","targetHints":{"allow":["GET"]}}],"collection":[{"href":"https:\/\/www.sorbilene.com\/blog\/wp-json\/wp\/v2\/pages"}],"about":[{"href":"https:\/\/www.sorbilene.com\/blog\/wp-json\/wp\/v2\/types\/page"}],"author":[{"embeddable":true,"href":"https:\/\/www.sorbilene.com\/blog\/wp-json\/wp\/v2\/users\/1"}],"replies":[{"embeddable":true,"href":"https:\/\/www.sorbilene.com\/blog\/wp-json\/wp\/v2\/comments?post=115"}],"version-history":[{"count":4,"href":"https:\/\/www.sorbilene.com\/blog\/wp-json\/wp\/v2\/pages\/115\/revisions"}],"predecessor-version":[{"id":3493,"href":"https:\/\/www.sorbilene.com\/blog\/wp-json\/wp\/v2\/pages\/115\/revisions\/3493"}],"wp:attachment":[{"href":"https:\/\/www.sorbilene.com\/blog\/wp-json\/wp\/v2\/media?parent=115"}],"curies":[{"name":"wp","href":"https:\/\/api.w.org\/{rel}","templated":true}]}}